{"id":1709,"date":"2022-10-05T21:50:52","date_gmt":"2022-10-05T21:50:52","guid":{"rendered":"https:\/\/icatlax.edu.mx\/?page_id=1709"},"modified":"2022-10-06T20:00:49","modified_gmt":"2022-10-06T20:00:49","slug":"chiautempan","status":"publish","type":"page","link":"https:\/\/icatlax.edu.mx\/index.php\/chiautempan\/","title":{"rendered":"Chiautempan"},"content":{"rendered":"\t\t<div data-elementor-type=\"wp-page\" data-elementor-id=\"1709\" class=\"elementor elementor-1709\">\n\t\t\t\t\t\t<section class=\"elementor-section elementor-top-section elementor-element elementor-element-0a9017f elementor-section-boxed elementor-section-height-default elementor-section-height-default wpr-particle-no wpr-jarallax-no wpr-parallax-no wpr-sticky-section-no\" data-id=\"0a9017f\" data-element_type=\"section\">\n\t\t\t\t\t\t<div class=\"elementor-container elementor-column-gap-default\">\n\t\t\t\t\t<div class=\"elementor-column elementor-col-100 elementor-top-column elementor-element elementor-element-cf8003c\" data-id=\"cf8003c\" data-element_type=\"column\">\n\t\t\t<div class=\"elementor-widget-wrap elementor-element-populated\">\n\t\t\t\t\t\t<div class=\"elementor-element elementor-element-c5713aa elementor-widget elementor-widget-image\" data-id=\"c5713aa\" data-element_type=\"widget\" data-widget_type=\"image.default\">\n\t\t\t\t<div class=\"elementor-widget-container\">\n\t\t\t\t\t\t\t\t\t\t\t\t\t\t\t<img decoding=\"async\" src=\"http:\/\/icatlax.sytes.net\/biblioteca-icatlax\/oe\/oferta_educatica_icatlax_8.jpg\" title=\"\" alt=\"\" loading=\"lazy\" \/>\t\t\t\t\t\t\t\t\t\t\t\t\t\t\t<\/div>\n\t\t\t\t<\/div>\n\t\t\t\t\t<\/div>\n\t\t<\/div>\n\t\t\t\t\t<\/div>\n\t\t<\/section>\n\t\t\t\t<section class=\"elementor-section elementor-top-section elementor-element elementor-element-45e328a elementor-section-boxed elementor-section-height-default elementor-section-height-default wpr-particle-no wpr-jarallax-no wpr-parallax-no wpr-sticky-section-no\" data-id=\"45e328a\" data-element_type=\"section\">\n\t\t\t\t\t\t<div class=\"elementor-container elementor-column-gap-default\">\n\t\t\t\t\t<div class=\"elementor-column elementor-col-50 elementor-top-column elementor-element elementor-element-cec0a16\" data-id=\"cec0a16\" data-element_type=\"column\">\n\t\t\t<div class=\"elementor-widget-wrap elementor-element-populated\">\n\t\t\t\t\t\t<div class=\"elementor-element elementor-element-6144dfd elementor-widget elementor-widget-heading\" data-id=\"6144dfd\" data-element_type=\"widget\" data-widget_type=\"heading.default\">\n\t\t\t\t<div class=\"elementor-widget-container\">\n\t\t\t\t\t<h3 class=\"elementor-heading-title elementor-size-default\">Direcci\u00f3n<\/h3>\t\t\t\t<\/div>\n\t\t\t\t<\/div>\n\t\t\t\t<div class=\"elementor-element elementor-element-e4db529 elementor-widget elementor-widget-text-editor\" data-id=\"e4db529\" data-element_type=\"widget\" data-widget_type=\"text-editor.default\">\n\t\t\t\t<div class=\"elementor-widget-container\">\n\t\t\t\t\t\t\t\t\t<ul>\n<li><strong>Tel\u00e9fono:<\/strong>&nbsp;<b>246 689 38 58 Ext. 3743<\/b><\/li><li><span style=\"font-weight: bolder;\">Correo: ucchiautempan@icatlax.edu.mx<\/span><\/li><li><span style=\"font-weight: bolder;\">Ubicaci\u00f3n: C. Vicente Guerrero s\/n Guadalupe Ixcotla San Ana Chiautempan<\/span><\/li>\n<\/ul>\t\t\t\t\t\t\t\t<\/div>\n\t\t\t\t<\/div>\n\t\t\t\t\t<\/div>\n\t\t<\/div>\n\t\t\t\t<div class=\"elementor-column elementor-col-50 elementor-top-column elementor-element elementor-element-c75aa08\" data-id=\"c75aa08\" data-element_type=\"column\">\n\t\t\t<div class=\"elementor-widget-wrap elementor-element-populated\">\n\t\t\t\t\t\t<div class=\"elementor-element elementor-element-f9f31bb elementor-widget elementor-widget-google_maps\" data-id=\"f9f31bb\" data-element_type=\"widget\" data-widget_type=\"google_maps.default\">\n\t\t\t\t<div class=\"elementor-widget-container\">\n\t\t\t\t\t\t\t<div class=\"elementor-custom-embed\">\n\t\t\t<iframe loading=\"lazy\"\n\t\t\t\t\tsrc=\"https:\/\/maps.google.com\/maps?q=icatlax%20chiautempan&#038;t=m&#038;z=15&#038;output=embed&#038;iwloc=near\"\n\t\t\t\t\ttitle=\"icatlax chiautempan\"\n\t\t\t\t\taria-label=\"icatlax chiautempan\"\n\t\t\t><\/iframe>\n\t\t<\/div>\n\t\t\t\t\t\t<\/div>\n\t\t\t\t<\/div>\n\t\t\t\t\t<\/div>\n\t\t<\/div>\n\t\t\t\t\t<\/div>\n\t\t<\/section>\n\t\t\t\t<\/div>\n\t\t","protected":false},"excerpt":{"rendered":"<p>Direcci\u00f3n Tel\u00e9fono:&nbsp;246 689 38 58 Ext. 3743 Correo: ucchiautempan@icatlax.edu.mx Ubicaci\u00f3n: C. Vicente Guerrero s\/n Guadalupe Ixcotla San Ana Chiautempan<\/p>\n","protected":false},"author":1,"featured_media":0,"parent":0,"menu_order":0,"comment_status":"closed","ping_status":"closed","template":"","meta":{"footnotes":""},"class_list":["post-1709","page","type-page","status-publish","hentry"],"yoast_head":"<!-- This site is optimized with the Yoast SEO plugin v25.3 - https:\/\/yoast.com\/wordpress\/plugins\/seo\/ -->\n<title>Chiautempan - ICATLAX<\/title>\n<meta name=\"robots\" content=\"index, follow, max-snippet:-1, max-image-preview:large, max-video-preview:-1\" \/>\n<link rel=\"canonical\" href=\"https:\/\/icatlax.edu.mx\/index.php\/chiautempan\/\" \/>\n<meta property=\"og:locale\" content=\"es_MX\" \/>\n<meta property=\"og:type\" content=\"article\" \/>\n<meta property=\"og:title\" content=\"Chiautempan - ICATLAX\" \/>\n<meta property=\"og:description\" content=\"Direcci\u00f3n Tel\u00e9fono:&nbsp;246 689 38 58 Ext. 3743 Correo: ucchiautempan@icatlax.edu.mx Ubicaci\u00f3n: C. Vicente Guerrero s\/n Guadalupe Ixcotla San Ana Chiautempan\" \/>\n<meta property=\"og:url\" content=\"https:\/\/icatlax.edu.mx\/index.php\/chiautempan\/\" \/>\n<meta property=\"og:site_name\" content=\"ICATLAX\" \/>\n<meta property=\"article:modified_time\" content=\"2022-10-06T20:00:49+00:00\" \/>\n<meta property=\"og:image\" content=\"http:\/\/icatlax.sytes.net\/biblioteca-icatlax\/oe\/oferta_educatica_icatlax_8.jpg\" \/>\n<meta name=\"twitter:card\" content=\"summary_large_image\" \/>\n<meta name=\"twitter:label1\" content=\"Tiempo de lectura\" \/>\n\t<meta name=\"twitter:data1\" content=\"1 minuto\" \/>\n<script type=\"application\/ld+json\" class=\"yoast-schema-graph\">{\"@context\":\"https:\/\/schema.org\",\"@graph\":[{\"@type\":\"WebPage\",\"@id\":\"https:\/\/icatlax.edu.mx\/index.php\/chiautempan\/\",\"url\":\"https:\/\/icatlax.edu.mx\/index.php\/chiautempan\/\",\"name\":\"Chiautempan - ICATLAX\",\"isPartOf\":{\"@id\":\"https:\/\/icatlax.edu.mx\/#website\"},\"primaryImageOfPage\":{\"@id\":\"https:\/\/icatlax.edu.mx\/index.php\/chiautempan\/#primaryimage\"},\"image\":{\"@id\":\"https:\/\/icatlax.edu.mx\/index.php\/chiautempan\/#primaryimage\"},\"thumbnailUrl\":\"http:\/\/icatlax.sytes.net\/biblioteca-icatlax\/oe\/oferta_educatica_icatlax_8.jpg\",\"datePublished\":\"2022-10-05T21:50:52+00:00\",\"dateModified\":\"2022-10-06T20:00:49+00:00\",\"breadcrumb\":{\"@id\":\"https:\/\/icatlax.edu.mx\/index.php\/chiautempan\/#breadcrumb\"},\"inLanguage\":\"es\",\"potentialAction\":[{\"@type\":\"ReadAction\",\"target\":[\"https:\/\/icatlax.edu.mx\/index.php\/chiautempan\/\"]}]},{\"@type\":\"ImageObject\",\"inLanguage\":\"es\",\"@id\":\"https:\/\/icatlax.edu.mx\/index.php\/chiautempan\/#primaryimage\",\"url\":\"http:\/\/icatlax.sytes.net\/biblioteca-icatlax\/oe\/oferta_educatica_icatlax_8.jpg\",\"contentUrl\":\"http:\/\/icatlax.sytes.net\/biblioteca-icatlax\/oe\/oferta_educatica_icatlax_8.jpg\"},{\"@type\":\"BreadcrumbList\",\"@id\":\"https:\/\/icatlax.edu.mx\/index.php\/chiautempan\/#breadcrumb\",\"itemListElement\":[{\"@type\":\"ListItem\",\"position\":1,\"name\":\"Inicio\",\"item\":\"https:\/\/icatlax.edu.mx\/\"},{\"@type\":\"ListItem\",\"position\":2,\"name\":\"Chiautempan\"}]},{\"@type\":\"WebSite\",\"@id\":\"https:\/\/icatlax.edu.mx\/#website\",\"url\":\"https:\/\/icatlax.edu.mx\/\",\"name\":\"ICATLAX\",\"description\":\"INSTITUTO DE CAPACITACI\u00d3N PARA EL TRABAJO DEL ESTADO DE TLAXCALA\",\"publisher\":{\"@id\":\"https:\/\/icatlax.edu.mx\/#organization\"},\"potentialAction\":[{\"@type\":\"SearchAction\",\"target\":{\"@type\":\"EntryPoint\",\"urlTemplate\":\"https:\/\/icatlax.edu.mx\/?s={search_term_string}\"},\"query-input\":{\"@type\":\"PropertyValueSpecification\",\"valueRequired\":true,\"valueName\":\"search_term_string\"}}],\"inLanguage\":\"es\"},{\"@type\":\"Organization\",\"@id\":\"https:\/\/icatlax.edu.mx\/#organization\",\"name\":\"ICATLAX\",\"url\":\"https:\/\/icatlax.edu.mx\/\",\"logo\":{\"@type\":\"ImageObject\",\"inLanguage\":\"es\",\"@id\":\"https:\/\/icatlax.edu.mx\/#\/schema\/logo\/image\/\",\"url\":\"https:\/\/icatlax.edu.mx\/wp-content\/uploads\/2021\/10\/cropped-cropped-ICATLAX-1.png\",\"contentUrl\":\"https:\/\/icatlax.edu.mx\/wp-content\/uploads\/2021\/10\/cropped-cropped-ICATLAX-1.png\",\"width\":2533,\"height\":597,\"caption\":\"ICATLAX\"},\"image\":{\"@id\":\"https:\/\/icatlax.edu.mx\/#\/schema\/logo\/image\/\"}}]}<\/script>\n<!-- \/ Yoast SEO plugin. -->","yoast_head_json":{"title":"Chiautempan - ICATLAX","robots":{"index":"index","follow":"follow","max-snippet":"max-snippet:-1","max-image-preview":"max-image-preview:large","max-video-preview":"max-video-preview:-1"},"canonical":"https:\/\/icatlax.edu.mx\/index.php\/chiautempan\/","og_locale":"es_MX","og_type":"article","og_title":"Chiautempan - ICATLAX","og_description":"Direcci\u00f3n Tel\u00e9fono:&nbsp;246 689 38 58 Ext. 3743 Correo: ucchiautempan@icatlax.edu.mx Ubicaci\u00f3n: C. Vicente Guerrero s\/n Guadalupe Ixcotla San Ana Chiautempan","og_url":"https:\/\/icatlax.edu.mx\/index.php\/chiautempan\/","og_site_name":"ICATLAX","article_modified_time":"2022-10-06T20:00:49+00:00","og_image":[{"url":"http:\/\/icatlax.sytes.net\/biblioteca-icatlax\/oe\/oferta_educatica_icatlax_8.jpg","type":"","width":"","height":""}],"twitter_card":"summary_large_image","twitter_misc":{"Tiempo de lectura":"1 minuto"},"schema":{"@context":"https:\/\/schema.org","@graph":[{"@type":"WebPage","@id":"https:\/\/icatlax.edu.mx\/index.php\/chiautempan\/","url":"https:\/\/icatlax.edu.mx\/index.php\/chiautempan\/","name":"Chiautempan - ICATLAX","isPartOf":{"@id":"https:\/\/icatlax.edu.mx\/#website"},"primaryImageOfPage":{"@id":"https:\/\/icatlax.edu.mx\/index.php\/chiautempan\/#primaryimage"},"image":{"@id":"https:\/\/icatlax.edu.mx\/index.php\/chiautempan\/#primaryimage"},"thumbnailUrl":"http:\/\/icatlax.sytes.net\/biblioteca-icatlax\/oe\/oferta_educatica_icatlax_8.jpg","datePublished":"2022-10-05T21:50:52+00:00","dateModified":"2022-10-06T20:00:49+00:00","breadcrumb":{"@id":"https:\/\/icatlax.edu.mx\/index.php\/chiautempan\/#breadcrumb"},"inLanguage":"es","potentialAction":[{"@type":"ReadAction","target":["https:\/\/icatlax.edu.mx\/index.php\/chiautempan\/"]}]},{"@type":"ImageObject","inLanguage":"es","@id":"https:\/\/icatlax.edu.mx\/index.php\/chiautempan\/#primaryimage","url":"http:\/\/icatlax.sytes.net\/biblioteca-icatlax\/oe\/oferta_educatica_icatlax_8.jpg","contentUrl":"http:\/\/icatlax.sytes.net\/biblioteca-icatlax\/oe\/oferta_educatica_icatlax_8.jpg"},{"@type":"BreadcrumbList","@id":"https:\/\/icatlax.edu.mx\/index.php\/chiautempan\/#breadcrumb","itemListElement":[{"@type":"ListItem","position":1,"name":"Inicio","item":"https:\/\/icatlax.edu.mx\/"},{"@type":"ListItem","position":2,"name":"Chiautempan"}]},{"@type":"WebSite","@id":"https:\/\/icatlax.edu.mx\/#website","url":"https:\/\/icatlax.edu.mx\/","name":"ICATLAX","description":"INSTITUTO DE CAPACITACI\u00d3N PARA EL TRABAJO DEL ESTADO DE TLAXCALA","publisher":{"@id":"https:\/\/icatlax.edu.mx\/#organization"},"potentialAction":[{"@type":"SearchAction","target":{"@type":"EntryPoint","urlTemplate":"https:\/\/icatlax.edu.mx\/?s={search_term_string}"},"query-input":{"@type":"PropertyValueSpecification","valueRequired":true,"valueName":"search_term_string"}}],"inLanguage":"es"},{"@type":"Organization","@id":"https:\/\/icatlax.edu.mx\/#organization","name":"ICATLAX","url":"https:\/\/icatlax.edu.mx\/","logo":{"@type":"ImageObject","inLanguage":"es","@id":"https:\/\/icatlax.edu.mx\/#\/schema\/logo\/image\/","url":"https:\/\/icatlax.edu.mx\/wp-content\/uploads\/2021\/10\/cropped-cropped-ICATLAX-1.png","contentUrl":"https:\/\/icatlax.edu.mx\/wp-content\/uploads\/2021\/10\/cropped-cropped-ICATLAX-1.png","width":2533,"height":597,"caption":"ICATLAX"},"image":{"@id":"https:\/\/icatlax.edu.mx\/#\/schema\/logo\/image\/"}}]}},"_links":{"self":[{"href":"https:\/\/icatlax.edu.mx\/index.php\/wp-json\/wp\/v2\/pages\/1709","targetHints":{"allow":["GET"]}}],"collection":[{"href":"https:\/\/icatlax.edu.mx\/index.php\/wp-json\/wp\/v2\/pages"}],"about":[{"href":"https:\/\/icatlax.edu.mx\/index.php\/wp-json\/wp\/v2\/types\/page"}],"author":[{"embeddable":true,"href":"https:\/\/icatlax.edu.mx\/index.php\/wp-json\/wp\/v2\/users\/1"}],"replies":[{"embeddable":true,"href":"https:\/\/icatlax.edu.mx\/index.php\/wp-json\/wp\/v2\/comments?post=1709"}],"version-history":[{"count":12,"href":"https:\/\/icatlax.edu.mx\/index.php\/wp-json\/wp\/v2\/pages\/1709\/revisions"}],"predecessor-version":[{"id":1727,"href":"https:\/\/icatlax.edu.mx\/index.php\/wp-json\/wp\/v2\/pages\/1709\/revisions\/1727"}],"wp:attachment":[{"href":"https:\/\/icatlax.edu.mx\/index.php\/wp-json\/wp\/v2\/media?parent=1709"}],"curies":[{"name":"wp","href":"https:\/\/api.w.org\/{rel}","templated":true}]}}